Give f(j).
3
Let k(x) = -7*x - 36. Suppose 129*b - 42 = 136*b. What is k(b)?
6
Let s(q) = -q**3 + 3*q**2 + q. Let b = 80 + -82. Let j be 21/6 + (-1)/b. Determine s(j).
-12
Let b(f) = 0*f**2 - 2*f + 7 - 2*f - f**2. Suppose -y + 11 = -5*i, -5*i - 5*y = -4*i - 3. Let c(m) = -m**2 - 2. Let k be c(i). Give b(k).
-5
Let c be (-1)/(-1)*(-10)/2. Let d be (-4)/1 + 9 - 3. Let k(j) = 4*j + 67*j**3 + j**d - 5*j**2 - 68*j**3. Calculate k(c).
5
Let i be (15/(-2))/(-5)*(-20)/6. Let f(k) = -6*k + 2*k + 9*k + 6 + k**2. Calculate f(i).
6
Let r(s) = -s**2 + s + 4. Let t be 111/12 + (-1)/4. Let n(x) be the first derivative of x**2/2 - 12*x - 7. Let l be n(t). Give r(l).
-8
Suppose -11 = -3*d + 1, -4*q + d + 8 = 0. Let p be 13 + q + 1 + -5. Suppose 15*f = 12*f - p. Let m(j) = -j**3 - 4*j**2 + j + 3. Determine m(f).
-1
Let c(q) = -q**2 + 6*q. Let k be c(5). Let u(z) = 9*z + k*z - 11*z + 1. What is u(4)?
13
Suppose 0 = 5*y - 23 - 37. Suppose -5*c + 9 = -3*l, -5*l = 3*c + y + 3. Let t(m) = m - 5. Let j(r) = r - 5. Let v(x) = 6*j(x) - 5*t(x). Calculate v(c).
-5
Let n(k) = -23*k - 141. Let x(h) = 15*h + 99. Let l(o) = 5*n(o) + 8*x(o). What is l(-17)?
2
Let q(u) be the third derivative of u**6/120 - 11*u**5/60 - u**4/2 + u**3 + u**2 + 13*u. Calculate q(12).
6
Let h(p) = 2*p**3 + 9*p**2 - 8*p - 13. Suppose -4*q - 44 = 2*c - 26, 2*c = 5*q + 27. What is h(q)?
2
Let c be 4 + -7 + 13 - 4. Let n(p) = 5*p**3 + 33*p**2 + 17*p + 33. Let a(j) = j**3 + 8*j**2 + 4*j + 8. Let g(h) = 9*a(h) - 2*n(h). Determine g(c).
18
Let a(f) be the third derivative of f**7/2520 - f**6/80 + f**5/120 + f**4/6 - 13*f**2. Let s(i) be the second derivative of a(i). Determine s(8).
-7
Let h(u) be the second derivative of -u**5/10 + u**4/3 + 27*u. Give h(3).
-18
Let t(k) = k**3 - 11*k**2 + 10*k + 2. Suppose 4*c - 2 = 2*j, 5*c + j = 2*j + 7. Suppose -4*u + 20 = 3*m - c*u, 0 = 5*u + 25. Calculate t(m).
2
Let k(q) be the third derivative of -q**8/20160 + q**7/1260 + q**6/144 - q**5/60 + 17*q**2. Let t(l) be the third derivative of k(l). Determine t(6).
-7
Let q = 1185 - 1178. Let d(p) = -p**2 + 4*p + 20. Calculate d(q).
-1
Let i(j) = 3*j + 1. Let w be (28/3)/(-4)*(-114)/133. Determine i(w).
7
Let d(i) = -i**2 - i + 5. Let y(w) = -3*w**2 - 4*w + 12. Let k(p) = 8*d(p) - 3*y(p). Suppose r + 0 = -4. Calculate k(r).
4
Let c(f) be the first derivative of 13*f**2/2 + 6*f + 67. What is c(-4)?
-46
Let n(k) be the third derivative of -k**5/5 - 268*k**2. Calculate n(-1).
-12
Let k(g) = g**3 - 2*g**2 + 3*g - 4. Suppose 4*p - 422 = -410. Calculate k(p).
14
Let w = 9 + -14. Let l(c) be the third derivative of c**6/120 + 7*c**5/60 + 7*c**4/24 - c**3/6 + 2*c**2 + 126*c. What is l(w)?
14
Let o(k) = 7*k**2 + 9*k - 3*k**2 - 3*k**2 + k**3 - 7*k**2 + 2. Let y be o(4). Let t(h) = -h + 6. Determine t(y).
0
Let l be ((-3)/(-6))/((-2)/(-80)). Suppose 2*b = 3*j - 15, 4*b + 4*j + 0*j = -l. Let u(h) = 14 - 8 + 0*h + 2*h. Calculate u(b).
-6
Suppose 4*t = -r + 20 - 4, 0 = -t - 1. Let k be -14*(-5)/r*2. Let x(o) = -o + 9. Calculate x(k).
2
Let t = -12 - -5. Let i(c) = -7*c**3 - 12*c**2 + 6*c + 10. Let d(m) = -20*m**3 - 35*m**2 + 18*m + 28. Let j(w) = -6*d(w) + 17*i(w). Give j(t).
-5
Let t(x) = -44*x - 217. Let c be t(-5). Let l(s) = -2*s**3 + 3*s**2 + s - 1. What is l(c)?
-25
Let y(f) = -f - 3. Let c(a) = a**2 + 5*a + 1. Let z = -2 + -1. Let d be c(z). Calculate y(d).
2
Let q(s) = 3*s + 16. Let k(z) = -4*z - 20. Let n(j) = 4*k(j) + 5*q(j). Give n(2).
-2
Let i(s) = 51*s + 3 - 3*s**2 + s**3 - 57*s + 8*s**2. Suppose 0 = -3*k - 3 + 57. Let m be 6/(-9)*k/2. Determine i(m).
3
Let a(v) = v - 4. Let c(p) = p + 15. Let u = 117 + -125. Let i be c(u). Give a(i).
3
Let h(y) = -3*y**2 - 8*y - 9. Let w(t) = t**2 + 3*t + 3. Let q(p) = -6*h(p) - 17*w(p). Suppose 0 = -5*u + 8 + 7. Calculate q(u).
3
Let b(c) = -2*c. Let y = -24 + 43. Let r = 35 - y. Let g = r + -19. Calculate b(g).
6
Let i = -3 + 1. Let l be 8/i + (2 - 0). Let d(x) = 3*x - 2*x**2 + 2 + 2*x**3 - 2*x**2 + 4*x**2 + 4*x**2. Give d(l).
-4
Let t(q) = -q**3 - 1 + 202*q**2 + 3 - 5*q - 94*q**2 - 1 - 102*q**2. Suppose -w + 5*w - 20 = 0. Calculate t(w).
1
Let j(y) = -6*y**2 + y + 2. Suppose 3*p = 4*u - 104, 0*p - 3*u = -p - 33. Let h = -34 - p. Calculate j(h).
-20
Suppose 5*w = -0*y - 4*y + 23, 0 = -4*w + 5*y + 2. Let d(f) = 0 - 7 + f + 4*f**2 + 7 + f**w. Give d(-3).
6
Let h(q) be the first derivative of -q**3/6 + 5*q**2 + 3*q + 2. Let v(y) be the first derivative of h(y). Let j be 5/15*(1 + 1 - -13). Calculate v(j).
5
Let m(t) = -2*t**2 + t + 1. Suppose -8 = -4*v + 8. Suppose -6 = -v*j + 2. Suppose r - 6 = -j*r. Determine m(r).
-5
Let y be -4 + -7 + (-72)/(-6). Let c(x) = x**2 + 2*x - 1. Give c(y).
2
Let y be 15/(-9)*54/(-10). Let c(a) = -a**2 + 11*a - 14. Give c(y).
4
Let o(r) = 277*r - 143*r - 3 - 139*r - r**2. Let z = -26 - -21. Give o(z).
-3
Let t be 31 + 4 + 2 + -1. Let q(m) = 7*m - m + m**2 - t + 35. Determine q(-4).
-9
Let u = -12 - -20. Suppose -h - 2 = -m, u = -m + 3*m. Let t(z) = -536 + 2*z**2 + 0*z**2 + 267 + 268. Calculate t(h).
7
Let x(a) = -9*a + 48. Let g be x(4). Suppose c = 8*w - g*w - 43, 4*w + 5*c + 55 = 0. Let u(k) = -k**2 - 9*k + 10. Calculate u(w).
0
Let a(i) = -30 + 31 - i**2 + 8 + 5*i. What is a(7)?
-5
Let c be 0/(1/(1/2)). Let l(k) = 2*k**3 - k**2 - 2*k + 2. Let t(d) = 15*d**3 - 7*d**2 - 15*d - 6. Let v(a) = 8*l(a) - t(a). Determine v(c).
22
Let t be 1 + -2 - (-3 - -1). Let z(s) = 5*s**2 + 47*s + 2 - 48*s + 4 - 5. Determine z(t).
5
Let n be 10/4*16/(-28)*7. Let v(c) = -c**2 - 10*c - 2. Determine v(n).
-2
Let o(z) = -z - 42. Suppose -25*r = -36*r. Give o(r).
-42
Suppose -4 = -5*o + 6. Let t(f) = -29 + 3*f + 3*f**o + 66 - 4*f**2 - 33. Determine t(4).
0
Suppose 3*j = -5*a - 101, 0*j - 63 = 2*j - a. Let v = 38 + j. Let p(s) = s**3 - 7*s**2 + 5*s. Determine p(v).
-6
Let v(t) = -3*t**2 + 2 + 14*t - 2*t**2 + t + 5*t + 4*t**2. Calculate v(20).
2
Let t(q) be the third derivative of -q**5/60 - q**4/6 + q**3/2 - 14*q**2. Let b be t(-4). Let p(f) = f**3 + f**2 - 5*f + 4. Calculate p(b).
25
Let v(g) = -9*g + 10 - 30 - g + 0*g. Let q(t) = 7*t + 13. Let p(r) = -7*q(r) - 5*v(r). What is p(0)?
9
Let o(r) = 3 + 1 + 1 + 1 + 7*r + 0. Let i(w) = -15*w - 13. Suppose 2*u = 3*u + 9. Let v(c) = u*o(c) - 4*i(c). Give v(2).
-8
Suppose -3*i = -6 - 6. Let b(t) = 5*t**3 - t**2 - 2*t + 12. Let z(o) = 4*o**3 - 2*o + 11. Let h(f) = 5*b(f) - 6*z(f). Calculate h(i).
-14
Let m be -8 + (-825)/(-77) - 4/(-14). Let f(o) = -3*o**2. Calculate f(m).
-27
Let f(l) = l**2 - 16 - 13 + 6*l + 34. Give f(-5).
0
Let c(j) = -80*j + 15. Let q(o) = -57*o + 10. Let y(g) = -5*c(g) + 7*q(g). What is y(6)?
1
Let x(y) = -8*y**3 - 15*y**2 + 10*y + 15. Let t(h) = -7*h**3 - 13*h**2 + 9*h + 13. Let c(j) = 6*t(j) - 5*x(j). Calculate c(-3).
18
Suppose 0 = -123*b + 116*b - 42. Let a(v) = v**3 + 5*v**2 - 3*v + 1. What is a(b)?
-17
Let y be (1 - -2)/((-1)/2). Let j(a) = a**2 + a + 3. Let b(r) = 3*r**2 - 4*r + 10. Let m(l) = b(l) - 4*j(l). Give m(y).
10
Suppose -b - 14 = -3*b. Suppose 0*g = -g + 4*x + b, 4*g + 5*x - 7 = 0. Let p(r) = 3*r**2 + 1 + 9*r**g - 4*r**2 - 2*r + 3*r**2. Calculate p(1).
10
Let d(a) = -a**2 + 16*a - 19. Suppose 0 = 7*b + 38 - 143. Give d(b).
-4
Let q(c) = 2*c**3 + 18*c**2 + 44*c + 6. Let m(h) = h**3 + 9*h**2 + 21*h + 3. Let x(z) = 13*m(z) - 6*q(z). Give x(-8).
-5
Let n(l) be the first derivative of l**4/4 + 10. Let o be ((-8)/3)/((-16)/24). Suppose q - o*w + 1 = -1, -5*w + 13 = 4*q. Calculate n(q).
8
Let x(n) = -n**3 + 3*n**2 - 3*n. Suppose -2*w - 4*s = -30, -4*s - 6 = -3*w + w. Let q be w - 7 - (3 + -2 + -1). Calculate x(q).
-2
Let l(h) = h**2 - 1. Let n(x) = -6*x**2 + 2*x + 7. Let z(m) = -m**3 + 11*m**2 - 17*m - 7. Let j be z(9). Let v(s) = j*n(s) + 14*l(s). What is v(-3)?
6
Let j(i) = i + 2. Suppose 0 = -2*k - 4*c - 3 - 5, 2*c + 20 = 3*k. Suppose 0 = -k*u + 2*u + 6. Calculate j(u).
5
Let c be 3 - 2 - -3*1/1. Let n(i) be the first derivative of c - 5/4*i**4 + 1/3*i**3 + i**2 + i. Determine n(-1).
5
Let d(c) = c**2 - 7*c - 4. Let w be -1*-26*1/2. Let t(v) = v - 5. Let b be t(w). Let p = -1 + b. What is d(p)?
-4
Let b(c) be the third derivative of -c**8/1344 + c**7/5040 - c**5/20 - 14*c**2. Let z(y) be the third derivative of b(y). What is z(-1)?
-16
Let t(x) = -2 + 1376*x**2 - 1 + 1375*x**2 + x**3 - 2746*x**2. D